NOAA-Style Climate Reports

Seleccione Año y Mes para el Informe
2024: Ene Feb Mar Abr May Jun Jul Ago Sep Oct Nov Dic
2023: Ene Feb Mar Abr May Jun Jul Ago Sep Oct Nov Dic
2022: Ene Feb Mar Abr May Jun Jul Ago Sep Oct Nov Dic

Report for 2024 Marzo

Daily noaa report



                            MONTHLY CLIMATOLOGICAL SUMMARY for MAR. 2024

NAME:    CITY:  STATE: 
ELEV:  LAT:  LONG: 

                            TEMPERATURE ( °C), RAIN (mm), WIND SPEED (kmh)

                                               HEAT     COOL           AVG
      MEAN                                     DEG      DEG            WIND                       DOM
DAY   TEMP    HIGH   TIME     LOW    TIME      DAYS     DAYS    RAIN   SPEED    HIGH    TIME      DIR
--------------------------------------------------------------------------------------------------------
11    12.2    14.1   21:01    11.9   00:00     06.1     00.0    01.2   07.4     20.4    22:06     SSW
12    13.2    17.6   12:56    10.7   05:29     05.1     00.0    01.2   06.5     29.6    01:32      SW
13    14.4    20.8   14:45    09.2   03:51     03.9     00.0    01.0   06.2     38.9    14:04      S 
14    14.8    17.6   12:24    12.4   06:53     03.5     00.0    01.0   15.1     66.6    11:43      SW
15    14.8    17.3   12:52    12.8   00:00     03.5     00.0    00.8   10.9     37.0    00:55      SW
16    15.1    18.2   15:37    12.0   02:24     03.2     00.0    00.6   12.8     57.4    20:27     SSW
17    15.1    18.9   12:36    12.8   00:00     03.2     00.0    00.6   10.2     53.6    01:36      SW
18    12.7    14.3   17:05    11.7   23:59     05.6     00.0    00.4   02.5     16.6    14:17     NNW
19    11.6    15.6   13:46    08.6   09:26     06.7     00.0    00.4   01.6     18.5    12:07      E 
20    11.3    13.1   11:57    09.6   08:02     07.0     00.0    00.4   03.5     27.8    13:53     WNW
21    14.5    19.7   13:01    11.2   06:55     03.8     00.0    00.2   05.4     31.4    16:03      N 
22    13.3    16.3   10:27    11.6   08:00     05.0     00.0    00.2   09.2     59.2    17:27     NNE
23    12.2    15.6   14:14    10.6   23:58     06.1     00.0    00.2   13.8     46.3    16:53     NNE
24    11.7    15.4   13:19    09.8   07:49     06.6     00.0    00.0   10.1     48.1    17:46     NNE
25    09.5    11.3   04:15    05.5   22:31     08.8     00.0    00.2   11.7     48.1    17:21      W 
26    07.2    11.1   18:43    05.2   04:29     11.1     00.0    00.0   13.2     40.7    02:26      SW
27    08.8    11.6   13:27    05.8   20:16     09.5     00.0    00.0   28.4     90.7    14:51     WSW
28    08.2    11.3   12:07    05.8   06:17     10.1     00.0    00.0   20.8     94.3    03:00      SW
29    09.8    12.7   17:39    07.6   05:37     08.5     00.0    00.2   10.6     51.8    00:47      SW
30    08.7    11.7   17:21    07.5   05:04     09.6     00.0    00.2   09.6     44.4    14:10     SSW
31    09.1    13.1   15:39    06.3   08:46     09.2     00.0    00.0   18.4     66.6    17:50      SW
--------------------------------------------------------------------------------------------------------
11.8 (12.3)   20.8  day 13     05.2  day 26   135.9    000.0   027.2   10.9     94.4   day 27      SW
Min <   30: 21
Max Rain: 1.2 ON 11-03-24
Days of Rain: 16 (> .2mm) 0 (> 2mm) 0 (> 20mm)