NOAA-Style Climate Reports

Seleccione Año y Mes para el Informe
2024: Ene Feb Mar Abr May Jun Jul Ago Sep Oct Nov Dic
2023: Ene Feb Mar Abr May Jun Jul Ago Sep Oct Nov Dic
2022: Ene Feb Mar Abr May Jun Jul Ago Sep Oct Nov Dic

Report for 2023 Agosto

Daily noaa report



                            MONTHLY CLIMATOLOGICAL SUMMARY for AUG. 2023

NAME:    CITY:  STATE: 
ELEV:  LAT:  LONG: 

                            TEMPERATURE ( °C), RAIN (mm), WIND SPEED (kmh)

                                               HEAT     COOL           AVG
      MEAN                                     DEG      DEG            WIND                       DOM
DAY   TEMP    HIGH   TIME     LOW    TIME      DAYS     DAYS    RAIN   SPEED    HIGH    TIME      DIR
--------------------------------------------------------------------------------------------------------
22    23.6    30.8   18:17    16.3   01:00     00.0     05.3    00.0   03.6     18.5    10:07     NNE
23    24.8    36.3   15:54    21.8   10:07     00.0     06.5    00.0   05.9     31.5    19:10     WNW
24    20.5    24.1   00:11    18.1   05:00     00.0     02.2    00.0   06.9     29.6    17:34     WNW
25    18.8    21.3   15:34    16.9   08:39     00.0     00.5    00.4   03.7     18.5    07:26     NNW
26    17.9    20.1   16:45    15.7   08:21     00.4     00.0    00.2   04.8     24.1    17:00      NW
27    18.6    20.8   18:15    17.0   08:17     00.0     00.3    00.0   05.7     25.9    00:10      NW
28    17.9    19.7   16:24    16.2   02:47     00.4     00.0    06.6   06.4     24.1    12:00     WNW
29    18.8    21.6   18:07    16.7   06:45     00.0     00.5    00.6   06.0     22.2    23:36      NW
30    19.0    21.9   13:47    17.2   00:04     00.0     00.7    00.4   05.5     20.4    15:51      NW
31    19.6    22.1   14:23    17.8   08:03     00.0     01.3    01.8   04.9     22.2    14:35      W 
--------------------------------------------------------------------------------------------------------
19.9 (20.6)   36.3  day 23     15.7  day 26   000.9    017.4   014.2   05.3     31.5   day 24      NW
Max >  30: 2
Min <   30: 10
Max Rain: 6.6 ON 28-08-23
Days of Rain: 5 (> .2mm) 1 (> 2mm) 0 (> 20mm)