Informes NOAA Meteocoruña


Report for 2022 Enero
                   Monthly Climatological Summary for ene 2022

Name: Meteocoruña   City: A Coruña   State: Galicia
Elevation: 99 m  Lat: N 43° 22' 19"   Lon: W 008° 26' 02"

                  Temperature (°C), Rain (mm), Wind Speed (mph)

                                      Heat  Cool        Avg
    Mean                              Deg   Deg         Wind                 Dom
Day Temp  High   Time   Low    Time   Days  Days  Rain  Speed High   Time    Dir
----------------------------------------------------------------------------------
 1  18,5  21,8   14:00  15,2   22:30   0,6   0,8   0,2   3,8  19,7   16:30   SSW
 2  15,1  16,8   14:30  13,2   23:30   3,2   0,0   0,0   3,8  12,1   12:30   SSW
 3  14,7  16,4   15:00  12,8   07:00   3,6   0,0   0,0   5,8  22,8   21:00   SSW
 4  10,9  15,8   02:00   8,4   11:00   7,4   0,0  44,2   3,2  17,9   00:00     W
 5  10,9  12,8   14:00   9,2   04:30   7,4   0,0   2,4   3,1  15,2   11:30   WSW
 6  11,3  12,6   16:00  10,5   20:00   7,0   0,0   2,2   1,9   8,0   23:30   WSW
 7  11,3  13,2   14:00   9,2   00:00   7,0   0,0   0,0   2,1   9,8   02:30    NW
 8  10,7  12,3   14:00   9,1   02:30   7,6   0,0   0,4   5,2  16,1   16:00    SW
 9  13,3  13,8   14:30  12,2   00:00   5,0   0,0   0,8   4,6  14,3   01:00   WSW
10  12,5  13,2   00:00  11,9   23:30   5,8   0,0   3,8   1,5  10,7   00:00   WSW
11  12,3  13,9   14:30  11,7   06:00   6,0   0,0   0,0   1,5   8,5   23:00    NE
12  11,9  13,8   16:00   9,5   00:00   6,4   0,0   0,0   2,7  10,3   15:00    NE
13   9,3  12,8   18:00   6,1   06:30   9,0   0,0   0,0   1,2   6,3   00:00     E
14  10,1  14,6   15:00   6,1   02:00   7,9   0,0   0,0   0,8   7,6   07:26    SE
15   9,6  13,8   16:11   5,1   06:56   8,7   0,0   0,0   1,4   8,9   15:04   SSE
16  11,7  16,3   17:13   9,6   02:41   6,6   0,0   0,0   1,8   8,9   15:04   ESE
17  10,7  14,8   16:18   8,0   08:59   7,6   0,0   0,0   1,3   8,5   03:01   ESE
18   9,5  14,3   16:41   6,6   05:24   8,8   0,0   0,0   1,2   7,2   22:12     E
19   8,6  13,1   17:05   4,7   09:17   9,7   0,0   0,0   1,0   5,4   17:45     E
----------------------------------------------------------------------------------
    11,7  21,8     1     4,7    19   125,3   0,8  54,0   2,1  22,8     3      SW

Max >=  27,0:  0
Max <=   0,0:  0
Min <=   0,0:  0
Min <= -18,0:  0
Max Rain: 44,2 on day 4
Days of Rain: 7 (>= 0,2 mm)  4 (>= 2,0 mm)  1 (>= 20,0 mm)
Heat Base: 18,3  Cool Base: 18,3  Method: Integration