NOAA-Style Climate Reports

Seleccione Año y Mes para el Informe
2024: Ene Feb Mar Abr May Jun Jul Ago Sep Oct Nov Dic
2023: Ene Feb Mar Abr May Jun Jul Ago Sep Oct Nov Dic
2022: Ene Feb Mar Abr May Jun Jul Ago Sep Oct Nov Dic

Report for 2021 Diciembre

Daily noaa report



                            MONTHLY CLIMATOLOGICAL SUMMARY for DEC. 2021

NAME:    CITY:  STATE: 
ELEV:  LAT:  LONG: 

                            TEMPERATURE ( °C), RAIN (mm), WIND SPEED (kmh)

                                               HEAT     COOL           AVG
      MEAN                                     DEG      DEG            WIND                       DOM
DAY   TEMP    HIGH   TIME     LOW    TIME      DAYS     DAYS    RAIN   SPEED    HIGH    TIME      DIR
--------------------------------------------------------------------------------------------------------
03    13.5    14.1   22:00    13.3   23:25     04.8     00.0    00.0   26.8     61.1    23:26      SW
04    12.3    14.2   10:48    10.4   11:44     06.0     00.0    05.8   13.2     55.5    01:47      W 
05    11.7    13.2   10:14    10.4   00:57     06.6     00.0    01.8   11.3     42.6    06:54     WNW
06    12.4    14.3   13:25    10.6   01:14     05.9     00.0    02.8   12.1     55.5    11:54      SW
07    12.7    15.8   04:39    07.7   23:54     05.6     00.0    19.6   21.3     79.6    10:05     WSW
08    09.4    11.6   00:00    05.9   04:43     08.9     00.0    11.2   19.5     68.5    14:25      W 
09    12.8    14.1   17:50    10.4   03:29     05.5     00.0    01.6   17.1     62.9    20:38     WSW
10    12.8    14.1   13:14    11.2   00:00     05.5     00.0    02.6   11.5     57.4    00:01     WSW
11    13.3    15.2   14:15    11.2   00:23     05.0     00.0    00.2   04.7     29.6    03:40     WSW
12    12.1    14.2   12:35    10.3   09:09     06.2     00.0    00.0   02.8     18.5    07:42      SE
13    13.3    17.9   15:31    10.7   00:11     05.0     00.0    00.0   05.2     37.0    14:23      SE
14    12.4    17.9   14:07    09.6   00:00     05.9     00.0    00.0   04.4     18.5    10:07      SE
15    10.7    15.8   14:52    07.8   09:01     07.6     00.0    00.0   03.2     20.4    08:40     ESE
16    12.2    17.2   16:46    08.4   02:34     06.1     00.0    00.0   05.3     20.4    01:28     ESE
17    12.2    17.2   12:30    09.0   23:55     06.1     00.0    00.0   02.9     16.7    02:23      SE
18    11.0    16.1   14:59    07.7   02:03     07.3     00.0    00.0   03.1     18.5    05:26      SE
19    11.2    16.3   17:16    07.2   05:29     07.1     00.0    00.0   07.2     29.6    21:54      SE
20    14.2    17.3   12:37    11.3   00:07     04.1     00.0    00.0   10.0     46.3    23:59      SE
21    15.7    18.6   14:35    12.9   04:21     02.6     00.0    01.2   11.1     42.6    20:15     SSE
22    16.0    17.0   14:26    14.8   08:30     02.3     00.0    00.0   12.0     59.2    15:00      S 
23    14.6    16.2   13:01    13.2   23:39     03.7     00.0    02.8   14.8     74.0    02:14     SSW
24    12.8    14.4   15:54    10.9   06:13     05.5     00.0    02.8   13.1     61.1    05:18     SSW
25    13.1    16.1   12:54    11.6   03:56     05.2     00.0    02.6   09.7     35.2    13:03      SW
26    14.1    16.6   20:24    11.8   10:55     04.2     00.0    03.8   16.1     66.6    00:00     SSW
27    15.2    16.3   14:54    13.8   12:19     03.1     00.0    00.6   30.4     79.6    16:46      SW
28    16.4    17.8   14:13    15.2   06:52     01.9     00.0    00.2   24.0     66.6    14:44      SW
29    16.6    17.6   04:10    15.3   21:22     01.7     00.0    00.0   19.0     55.5    15:28      SW
30    15.7    18.6   15:36    13.6   22:14     02.6     00.0    00.0   08.7     46.3    00:00      S 
31    17.2    21.4   17:18    14.2   09:56     01.1     00.0    00.0   13.7     64.8    16:51      S 
--------------------------------------------------------------------------------------------------------
13.4 (13.6)   21.4  day 31     05.9  day 08   143.1    000.0   064.8   12.2     79.6   day 27      SW
Min <   30: 29
Max Rain: 19.6 ON 7-12-22
Days of Rain: 14 (> .2mm) 9 (> 2mm) 0 (> 20mm)