Informes NOAA Meteocoruña

Seleccione Año y Mes para el Informe
2018: Ene Feb Mar Abr May Jun Jul Ago Sep Oct Nov Dic
2017: Ene Feb Mar Abr May Jun Jul Ago Sep Oct Nov Dic
2016: Ene Feb Mar Abr May Jun Jul Ago Sep Oct Nov Dic
2015: Ene Feb Mar Abr May Jun Jul Ago Sep Oct Nov Dic
2014: Ene Feb Mar Abr May Jun Jul Ago Sep Oct Nov Dic
2013: Ene Feb Mar Abr May Jun Jul Ago Sep Oct Nov Dic
2012: Ene Feb Mar Abr May Jun Jul Ago Sep Oct Nov Dic

Report for 2017
                            ANNUAL CLIMATOLOGICAL SUMMARY

NAME: Meteocoruna  CITY: A Coruña   STATE: Galicia  
ELEV:    99 m  LAT:  43° 22' 19" N  LONG:   8° 26' 02" W

               TEMPERATURE (°C), HEAT BASE 18.3, COOL BASE 18.3
                          DEP.  HEAT  COOL                                          
        MEAN  MEAN        FROM  DEG   DEG                        MAX  MAX  MIN  MIN 
 YR MO  MAX   MIN   MEAN  NORM  DAYS  DAYS  HI  DATE  LOW  DATE  >=32 <=0  <=0  <=-18 
------------------------------------------------------------------------------------
 15  1  12.4   8.2  10.4   0.0   245     0  14.9   2   4.6    1    0    0    0    0
 15  2  11.7   7.3   9.5   0.0   246     0  14.8  10   4.1    4    0    0    0    0
 15  3  13.5   8.8  11.0   0.0   227     0  18.9   7   4.8   16    0    0    0    0
 15  4  17.4  11.1  13.8   0.0   140     5  25.3  14   8.2    2    0    0    0    0
 15  5  17.4  12.6  14.6   0.0   116     2  25.7  12   9.7    6    0    0    0    0
 15  6  19.4  14.2  16.4   0.0    67     8  25.5  29  11.6   11    0    0    0    0
 15  7  21.6  16.3  18.6   0.0    19    29  26.6   9  14.1   25    0    0    0    0
 15  8  21.1  15.9  18.1   0.0    27    20  25.1  29  14.0   24    0    0    0    0
 15  9  20.1  14.8  17.2   0.0    11     3  24.7   7  13.7    6    0    0    0    0
 15 10
 15 11
 15 12
------------------------------------------------------------------------------------
        16.9  11.9  14.2   0.0  1098    68  26.6 JUL   4.1  FEB    0    0    0    0

                                PRECIPITATION (mm)

               DEP.   MAX        DAYS OF RAIN 
               FROM   OBS.          OVER
 YR MO  TOTAL  NORM   DAY  DATE  .2   2   20
---------------------------------------------
 15  1 177.4    0.0  34.8   30   18   12    2
 15  2 116.6    0.0  13.2    2   21   17    0
 15  3  47.8    0.0  11.8    3   12    6    0
 15  4  69.0    0.0  13.4   26   15    9    0
 15  5  34.2    0.0  13.0    4   12    6    0
 15  6   5.6    0.0   3.2   13    6    1    0
 15  7  13.8    0.0   4.6   29   11    2    0
 15  8 121.4    0.0  37.2   26   14    9    2
 15  9   0.0    0.0   0.0    1    0    0    0
 15 10
 15 11
 15 12
---------------------------------------------
       585.7   0.0  37.2  AUG  109   62    4

                                WIND SPEED (km/hr)
                          DOM
 YR MO   AVG.  HI   DATE  DIR
---------------------------------
 15  1   9.8 101.4   15   SSW
 15  2  11.9  62.8   13   WNW
 15  3   8.9  67.6    1    NE
 15  4   7.6  78.9   30   WNW
 15  5  11.6 104.6    2   NNW
 15  6   7.3  51.5   10     W
 15  7   7.4  67.6    3     W
 15  8   8.3 101.4   23     W
 15  9   7.5  48.3    4     E
 15 10
 15 11
 15 12
---------------------------------
         9.0 104.6  MAY    W